nds digit of 2626328?
6
What is the millions digit of 3102610?
3
What is the tens digit of 6189225?
2
What is the hundreds digit of 5860755?
7
What is the tens digit of 453552?
5
What is the millions digit of 5777350?
5
What is the hundreds digit of 654750?
7
What is the thousands digit of 1198198?
8
What is the thousands digit of 266115?
6
What is the tens digit of 451608?
0
What is the ten millions digit of 15134377?
1
What is the units digit of 1577874?
4
What is the units digit of 40361340?
0
What is the ten thousands digit of 3165198?
6
What is the thousands digit of 116331?
6
What is the hundred thousands digit of 8293228?
2
What is the hundred thousands digit of 1830036?
8
What is the tens digit of 6888712?
1
What is the thousands digit of 5926328?
6
What is the tens digit of 155907?
0
What is the millions digit of 15659861?
5
What is the units digit of 758988?
8
What is the hundred thousands digit of 149801?
1
What is the hundred thousands digit of 27855887?
8
What is the tens digit of 1512551?
5
What is the millions digit of 21183731?
1
What is the hundred thousands digit of 2023514?
0
What is the hundred thousands digit of 7454038?
4
What is the hundreds digit of 1060750?
7
What is the ten thousands digit of 298892?
9
What is the thousands digit of 392564?
2
What is the hundreds digit of 1012632?
6
What is the hundreds digit of 1793511?
5
What is the tens digit of 12846752?
5
What is the ten thousands digit of 3876602?
7
What is the hundred thousands digit of 7290652?
2
What is the hundreds digit of 752453?
4
What is the tens digit of 1460313?
1
What is the tens digit of 551284?
8
What is the tens digit of 699113?
1
What is the hundreds digit of 376682?
6
What is the units digit of 510004?
4
What is the hundreds digit of 88991?
9
What is the hundred thousands digit of 2639570?
6
What is the hundred thousands digit of 26960655?
9
What is the hundred thousands digit of 3377763?
3
What is the millions digit of 3898617?
3
What is the hundred thousands digit of 788682?
7
What is the tens digit of 1931193?
9
What is the ten millions digit of 26402565?
2
What is the units digit of 19505700?
0
What is the hundreds digit of 5015110?
1
What is the hundred thousands digit of 4702177?
7
What is the hundred thousands digit of 29816294?
8
What is the units digit of 2352941?
1
What is the tens digit of 2977072?
7
What is the hundred thousands digit of 435147?
4
What is the thousands digit of 3317363?
7
What is the tens digit of 27234242?
4
What is the hundred thousands digit of 647576?
6
What is the units digit of 82262?
2
What is the ten thousands digit of 10578748?
7
What is the hundreds digit of 2403085?
0
What is the millions digit of 7003958?
7
What is the units digit of 2601428?
8
What is the ten thousands digit of 732512?
3
What is the ten thousands digit of 82330?
8
What is the thousands digit of 4082483?
2
What is the units digit of 1228922?
2
What is the ten thousands digit of 205465?
0
What is the hundreds digit of 26779878?
8
What is the thousands digit of 175585?
5
What is the millions digit of 5336484?
5
What is the hundreds digit of 515456?
4
What is the hundreds digit of 1578820?
8
What is the millions digit of 13517429?
3
What is the units digit of 210134?
4
What is the millions digit of 4975570?
4
What is the thousands digit of 7549605?
9
What is the thousands digit of 390163?
0
What is the tens digit of 178294?
9
What is the thousands digit of 3271656?
1
What is the ten thousands digit of 160666?
6
What is the thousands digit of 255004?
5
What is the ten thousands digit of 756583?
5
What is the hundreds digit of 7450772?
7
What is the hundred thousands digit of 3116279?
1
What is the units digit of 327843?
3
What is the hundred thousands digit of 114062?
1
What is the ten thousands digit of 243456?
4
What is the ten thousands digit of 8920246?
2
What is the hundreds digit of 371245?
2
What is the tens digit of 334510?
1
What is the tens digit of 4887835?
3
What is the hundreds digit of 3861195?
1
What is the hundred thousands digit of 109842?
1
What is the ten thousands digit of 30156554?
5
What is the thousands digit of 4869369?
9
What is the ten thousands digit of 578164?
7
What is the thousands digit of 130442?
0
What is the ten thousands digit of 757452?
5
What is the units digit of 943075?
5
What is the hundred thousands digit of 848029?
8
What is the millions digit of 12115287?
2
What is the units digit of 26726?
6
What is the tens digit of 12247831?
3
What is the ten thousands digit of 5700649?
0
What is the hundreds digit of 214477?
4
What is the ten millions digit of 25659107?
2
What is the hundreds digit of 15651709?
7
What is the thousands digit of 917737?
7
What is the units digit of 146221?
1
What is the hundreds digit of 1379650?
6
What is the tens digit of 352340?
4
What is the tens digit of 280760?
6
What is the tens digit of 194306?
0
What is the hundreds digit of 255505?
5
What is the tens digit of 1699995?
9
What is the units digit of 444920?
0
What is the thousands digit of 504733?
4
What is the thousands digit of 20784779?
4
What is the units digit of 10168951?
1
What is the units digit of 54618?
8
What is the thousands digit of 152053?
2
What is the hundred thousands digit of 24354125?
3
What is the units digit of 9465579?
9
What is the units digit of 359267?
7
What is the hundreds digit of 384462?
4
What is the ten thousands digit of 16018765?
1
What is the ten thousands digit of 954555?
5
What is the tens digit of 1656105?
0
What is the millions digit of 7757131?
7
What is the units digit of 1757708?
8
What is the hundreds digit of 1260040?
0
What is the hundreds digit of 105111?
1
What is the hundred thousands digit of 1113125?
1
What is the units digit of 917718?
8
What is the units digit of 58264?
4
What is the hundred thousands digit of 2859307?
8
What is the thousands digit of 179462?
9
What is the thousands digit of 367384?
7
What is the tens digit of 109884?
8
What is the millions digit of 5250474?
5
What is the ten thousands digit of 1478563?
7
What is the hundreds digit of 167362?
3
What is the units digit of 241019?
9
What is the tens digit of 5753335?
3
What is the units digit of 1588546?
6
What is the ten thousands digit of 9228877?
2
What is the units digit of 382147?
7
What is the thousands digit of 1051140?
1
What is the thousands digit of 10481247?
1
What is the hundreds digit of 1144685?
6
What is the thousands digit of 2705398?
5
What is the tens digit of 453614?
1
What is the hundred thousands digit of 1136214?
1
What is the millions digit of 11049590?
1
What is the units digit of 1134224?
4
What is the units digit of 1596246?
6
What is the millions digit of 2272374?
2
What is the tens digit of 8943299?
9
What is the tens digit of 327322?
2
What is the units digit of 133291?
1
What is the ten thousands digit of 683369?
8
What is the thousands digit of 327292?
7
What is the tens digit of 1719608?
0
What is the hundred thousands digit of 1014057?
0
What is the hundred thousands digit of 9699472?
6
What is the millions digit of 1162010?
1
What is the thousands digit of 18865928?
5
What is the hundred thousands digit of 8451309?
4
What is the hundred thousands digit of 418439?
4
What is the tens digit of 391930?
3
What is the units digit of 173185?
5
What is the hundred thousands digit of 816071?
8
What is the millions digit of 21464614?
1
What is the hundred thousands digit of 152999?
1
What is the hundreds digit of 784906?
9
What is the thousands digit of 30488?
0
What is the thousands digit of 8535?
8
What is the hundreds digit of 5811787?
7
What is the hundred thousands digit of 378751?
3
What is the millions digit of 4976245?
4
What is the ten thousands digit of 1023441?
2
What is the hundred thousands digit of 2536164?
5
What is the ten thousands digit of 303686?
0
What is the thousands digit of 780817?
0
What is the thousands digit of 144883?
4
What is the tens digit of 623768?
6
What is the units digit of 1003933?
3
What is the hundred thousands digit of 274362?
2
What is the ten thousands digit of 4449419?
4
What is the hundred thousands digit of 183350?
1
What is the ten thousands digit of 252930?
5
What is the ten millions digit of 16739470?
1
What is the ten thousands digit 